= 110 - 11. Calculate the remainder when r is divided by 20.
19
Calculate the remainder when (2 + -5 - -2)/((-4)/188) is divided by 16.
15
Suppose 5*y + d = 155, 0*d = -y - d + 35. What is the remainder when y is divided by 16?
14
Let q = -60 - -74. What is the remainder when 40 is divided by q?
12
Suppose -285 = -18*v + 3*v. What is the remainder when 43 is divided by v?
5
Let z(u) = 6 + 2 - 3 + u. Calculate the remainder when 19 is divided by z(5).
9
Suppose 5*y + 50 = 5*d, -6*d + 3*d - 5*y = -70. Suppose 2*k - 60 = 4*u, -3*k + 2*u - 21 = -107. Calculate the remainder when k is divided by d.
13
Suppose 0*u + u = 21. Suppose -5*x - 4*o + 425 = 0, -69 = 3*x - 3*o - 297. Calculate the remainder when x is divided by u.
18
Let r = -7 + 32. Let z(k) = -9*k**3. What is the remainder when r is divided by z(-1)?
7
Let d be (-4)/(16/6)*-2. Suppose 40 = 5*z + m, -d*m - 76 + 16 = -5*z. What is the remainder when 32 is divided by z?
5
Suppose -2*y + 2*t = -6, 4*y - 5*t - 5 = y. Calculate the remainder when 19 is divided by y.
4
Let j(u) = 12*u - 2. Let i be (-3)/(10/(-3) - -3). Let b = -6 + i. Calculate the remainder when j(b) is divided by 18.
16
Suppose 5*k = k - 2*j + 54, -25 = -2*k - 3*j. Calculate the remainder when 27 is divided by k.
13
Suppose 0*j = -3*v + 2*j + 29, 5*v - 40 = -5*j. Let q(b) = -b**3 + 2*b**2 - 4 + 2*b**2 - 5*b + 2*b**3. What is the remainder when q(-4) is divided by v?
7
Calculate the remainder when 32 + (-4 - (-4 + 4)) is divided by 15.
13
Let z = -15 + 29. What is the remainder when 40 is divided by z?
12
Suppose -3*m + 10 + 5 = 0. Suppose 3*w = m*w - 8. Calculate the remainder when 9 is divided by w.
1
Let r = 126 - 111. Calculate the remainder when r is divided by 6.
3
Let q be (37/(-2))/(3/(-18)). Let g = q + -70. Suppose 5*a - 125 = 4*c, -4*a - 2*c = -c - 79. Calculate the remainder when g is divided by a.
20
Suppose 2*z + 5 = a + 3*z, 4*a = 4*z + 28. What is the remainder when a is divided by 4?
2
Let v(y) = -15*y + 1. Calculate the remainder when v(-7) is divided by 27.
25
Suppose -4*l = -2*l - 52. Let s = -2 - 0. What is the remainder when l is divided by s*2*9/(-4)?
8
Suppose 0*x - 3*x = 0. Let t(s) = s**3 + s**2 + s + 21. Let r(j) = j**3 - 7*j**2 - 6*j - 5. What is the remainder when t(x) is divided by r(8)?
10
Let w = 7 + -5. Let q = w - -17. Let t = q + -10. Calculate the remainder when 25 is divided by t.
7
Suppose -v = 2*v + 5*y - 61, -y - 1 = 0. Let g(x) = 2*x**2 - 2*x - 4. What is the remainder when v is divided by g(3)?
6
Let d(b) = -25*b - 2. Let q be d(-8). Suppose 0*h + q = -h. What is the remainder when h/(-30) - (-4)/10 is divided by 2?
1
Let o(l) = -8*l - 17 + 6*l**2 - 6*l - 7*l**2. What is the remainder when 12 is divided by o(-12)?
5
Suppose -26 = -5*h + 2*l, -4*h + 34 = 2*l + 3*l. Suppose c - 6 = 5*j, c - j = -0*j + h. Calculate the remainder when 9 is divided by c.
3
Let h = -7 - -17. Suppose -x - h = -6*x. Calculate the remainder when (-6)/(-4)*16/6 is divided by x.
0
Let g = 1 - 1. Let h(w) = -w**3 - w**2 + w + 2. Let y be h(g). Suppose 3*m - 4*q = 28, -y*q = 2*m + 3*m - 38. Calculate the remainder when 22 is divided by m.
6
Let k = 53 - 38. What is the remainder when 43 is divided by k?
13
Suppose 6*m - 3*m - 141 = -2*u, 3*m = 15. Suppose -5*v - u + 263 = 0. Calculate the remainder when v is divided by 14.
12
Let b = 8 + -5. Suppose 0 = -9*a + 81 - 27. What is the remainder when a is divided by b?
0
Let w = 11 + -15. What is the remainder when 25*2/w*-2 is divided by ((-3)/12)/(5/(-260))?
12
Let x be (-55)/(-15) - (-3)/9. Suppose -d + 38 = -30. Suppose -a = 2*c - 13, d = x*a + c + 3*c. Calculate the remainder when a is divided by 11.
10
Suppose 2*l - 68 = 12. Suppose -5*w + l = -15. Calculate the remainder when 20 is divided by w.
9
Let b = 32 + 12. Suppose 430 = -2*p - s, 5*s = -p - 268 + b. Calculate the remainder when 2/10 + p/(-5) is divided by 15.
13
Calculate the remainder when 24 - ((-29)/(-9) - (-6)/(-27)) is divided by 8.
5
Let g = 102 - 94. Suppose -u - 115 = -4*t, 3*t = u + 51 + 34. Calculate the remainder when t is divided by g.
6
Let w = 14 + -5. Let l = -4 + w. Suppose 3*s = 9, s + s = -l*p + 21. Calculate the remainder when p is divided by 2.
1
Let a(m) = -4*m - 2. Suppose 5*w = 2*r + 9, -4*w = -4*r - 0 + 12. Calculate the remainder when a(-8) is divided by r.
6
Let u(y) = -y**2 + 10*y + 14. What is the remainder when u(9) is divided by 7?
2
Suppose 6*f - 910 = f. What is the remainder when f is divided by 31?
27
Let l(w) = 6*w + 1. Let g be l(-1). Let v(d) = d**2 + 4*d + 4. What is the remainder when 16 is divided by v(g)?
7
Suppose 9*j - 4*j - 15 = -3*d, -5*d = -2*j + 6. Suppose 0 = 2*k + k - 6. Calculate the remainder when 43 is divided by 4/k + 13 + d.
13
Let g(h) = -h**2 + 6*h + 6. Suppose -l + 3 + 1 = 0. What is the remainder when ((l - 2) + 29)*1 is divided by g(5)?
9
Suppose -14*n + 84 = -11*n. Calculate the remainder when 139 is divided by n.
27
Let n(z) = z**2 + 17*z - 9. Suppose 0 = -2*y - 3*a + 239, 0 = -3*y + 4*a + 117 + 216. Calculate the remainder when y is divided by n(-19).
28
Let z(c) = c**2 + 5*c. Calculate the remainder when 0 + (5*6)/3 is divided by z(-6).
4
Let p(r) = r**2 - 17*r - 15. What is the remainder when 18 is divided by p(18)?
0
Let j(o) = -9*o - 3. Suppose -10 = -0*a + 5*a. What is the remainder when 29 is divided by j(a)?
14
Let x = 85 - 74. What is the remainder when x is divided by 2?
1
Let c = -7 + 10. Suppose -u = -2*b - 2*b + 8, -5*b = -4*u + 12. Calculate the remainder when u is divided by c.
2
Let o = 51 - 47. What is the remainder when 10 is divided by o?
2
Let u(h) = h + 11. What is the remainder when ((-68)/5 - -1)/((-60)/200) is divided by u(0)?
9
Suppose 184 = 2*o + 4*u, 4*u - 1 = 7. Suppose -3*a + o = -3*h + 10, h = -3*a + 70. Suppose 4*y - 210 = y. What is the remainder when y is divided by a?
22
Let v(o) = -2*o + 37. Calculate the remainder when v(8) is divided by 11.
10
Let q = -1 + 4. Suppose -14 = g - q*g. Suppose -5*p = -g - 23. What is the remainder when 10 is divided by p?
4
Let u(y) = y**3 - 3*y**2 + 4*y + 5. Calculate the remainder when u(5) is divided by 19.
18
Let a(f) = -f**3 + 8*f**2 + 10*f - 3. Suppose 0 = 5*t - 0 - 5. Calculate the remainder when a(9) is divided by 2/4*8/t.
2
Let u = 4 - 6. Let s be (3 + u)*1 + -28. What is the remainder when (-88)/(-9) + (-6)/s is divided by 6?
4
Suppose 660 = -6*p + p. Let o(u) = u**3 + 14*u**2 + 8*u. Calculate the remainder when o(-13) is divided by p/(-8)*8/6.
21
Suppose -3*k + 405 + 12 = 0. Calculate the remainder when k is divided by 35.
34
Let m(x) = x + 4. Let c be m(-6). Let g = -2 - c. Suppose o + o - 6 = g. Calculate the remainder when 7 is divided by o.
1
Let v = 9 + -4. Suppose 3*q + 2*q + 3*w - 76 = 0, v*w + 15 = 0. What is the remainder when q is divided by 6?
5
Suppose -j - 2*j + 5*c = 9, -2*c + 8 = j. Let k be 40/2 - 1*2. Suppose -z - o + k = 4*z, 0 = j*z + 4*o. Calculate the remainder when z is divided by 3.
1
Let o(f) = -39*f - 2. Let q(j) = -2*j + 4. Let x be q(3). Let s(z) = -20*z - 1. Let c(m) = x*o(m) + 5*s(m). What is the remainder when 40 is divided by c(-1)?
19
Let c(k) = -k**3 - 9*k**2 - 18*k - 15. What is the remainder when 90 is divided by c(-7)?
12
Let w = 79 - 55. What is the remainder when 71 is divided by w?
23
Let b be (-4)/(-2) - (-3)/3. Suppose -6*m + b*n + 24 = -m, 4*m = n + 15. Calculate the remainder when 9 is divided by m.
0
Suppose 6 = 3*u, g - 36 = -2*g - 3*u. Let z(f) = f**2 + f + 3. Calculate the remainder when g is divided by z(0).
1
Suppose -3*q + 15 = 3*r, 0*q - 4*q + 5 = r. Suppose o + 3*o - 84 = q. Calculate the remainder when 39 is divided by o.
18
Let j(x) = x**2 + 3*x + 3. Let y be j(-3). Suppose 2*o = -2*b + 20, 4*b - y*o - 71 = 4. What is the remainder when b is divided by 9?
6
Let n(b) = 7*b**3 + 2*b - 1. Let u(p) = -p + 6. Let d be u(6). What is the remainder when 31*1 + (-1 - d) is divided by n(1)?
6
Let c be (-4)/(1/((-51)/6)). Let v = c + -21. Suppose -2*m = 5*w - 27 - 35, m - v = -w. What is the remainder when 35 is divided by w?
11
Let v(g) be the second derivative of g**3/6 + 7*g**2/2 + 2*g. What is the remainder when v(6) is divided by 4?
1
Let x(l) = -l**2 - 5*l - 2. Let d be x(-4). Let p(g) = 2*g**2 + g + 0*g - g**d + 2. 